te the greatest common factor of o and j.
19
Let a = 3 - 5. Let r be (2 - 0)*(a - -8). Suppose 2*k + 0*k + s = 26, -32 = -2*k - 4*s. What is the greatest common factor of k and r?
12
Suppose 2*p + 3*s - 22 = 0, -6 - 27 = -3*p - 4*s. Suppose 3*d = p + 34. Let l = -1 + 7. Calculate the highest common divisor of d and l.
3
Suppose -18 = 5*b + 7, 0 = -t - 3*b - 1. Calculate the highest common divisor of 77 and t.
7
Suppose -2*s + 3*q + 7 = -7, 0 = s - 5*q. Calculate the greatest common factor of 40 and s.
10
Suppose 23 = 3*p - 4*z, -5*p - 3*z + 0*z = 10. Calculate the highest common divisor of 2 and p.
1
Let c(a) = -a + 1. Let m be c(-3). Suppose -h + 10 = -10. What is the highest common divisor of h and m?
4
Let y be (1/2)/((-3)/(-480)). Suppose 2*t + y = 5*m + 17, 0 = 5*t + 20. Let c be 4/14 - 225/(-21). Calculate the highest common divisor of c and m.
11
Suppose 5*t + p + 4 = 0, 4 = -t - t + 2*p. Let z be t/((-6)/2)*0. Let l be 0 + z + -4 + 5. Calculate the greatest common factor of 1 and l.
1
Let t(g) = g**2 + 8*g. Let o be t(-10). What is the greatest common divisor of o and 5?
5
Let y(v) = v**3 - 4*v**2 - 2*v - 1. Let p be y(5). Suppose 3*i + 2*o - 21 = 0, -2*i = -4*i - 2*o + 14. What is the greatest common factor of p and i?
7
Suppose -5*d + 72 = 22. Suppose t - 16 = -1. What is the highest common factor of t and d?
5
Let h(d) = -9*d**2 + d. Let p be h(1). Let i be p/(3*2/(-33)). Let q = -14 - -25. What is the greatest common factor of i and q?
11
Let o = 35 + -20. Let d(x) be the third derivative of -x**4/24 + 5*x**3/3 + 3*x**2. Let h be d(7). Calculate the greatest common factor of o and h.
3
Let c be (1*(-2)/4)/((-19)/114). Calculate the highest common factor of 1 and c.
1
Let b be (2 - (-26)/(-3))*(-21)/14. What is the highest common divisor of b and 1?
1
Suppose -3*w = -5 + 11, w = 5*c - 962. Suppose -2*x = 2*x - c. Let o be (-1)/(1 - 2) + 11. What is the highest common divisor of x and o?
12
Let c be (-5)/(-15) - 242/(-3). Suppose -3*x = -4*s + c, -s + 4 + 5 = 3*x. Calculate the highest common divisor of s and 2.
2
Suppose 2*t - 56 = 2*z - 4*z, 4*t = 5*z - 104. Suppose z = 5*c - 3*c. What is the greatest common divisor of c and 30?
6
Let o(l) = -l**2 - 9*l + 22. Let f be o(-9). What is the highest common factor of 22 and f?
22
Suppose 4*v + 44 = 5*r, 5*v = 5*r - 33 - 12. Let t = r + 5. Calculate the highest common divisor of 117 and t.
13
Suppose -2*h = h + 54. Let u be (h/(-8))/(2/8). Suppose 3*s = -5*a + 216, -2*a + 144 = 2*s + a. What is the greatest common divisor of s and u?
9
Let b(p) = -p**2 + p + 10 + 0*p + 2*p + p. Let u be b(5). What is the greatest common divisor of 25 and u?
5
Let c = 367 + -151. Let v be 146/6 + 4/(-12). What is the highest common divisor of c and v?
24
Suppose t = -3*t + 404. Suppose 4*f = 379 + t. What is the highest common divisor of 12 and f?
12
Suppose 5*m + 0 = 5, 3 = 5*x - 2*m. Let u = -9 - -15. Calculate the highest common divisor of x and u.
1
Let p(d) = 50*d - 4. Let j be p(2). What is the greatest common factor of 32 and j?
32
Let t(o) = -o**2 + 11*o - 7. Let g(q) = q**2 + 8. Let k be g(0). Let w be t(k). Let j be (-257)/(-5) - 4/10. Calculate the greatest common factor of j and w.
17
Suppose 0 = 5*i - 2*z - 76, 4*i = 5*z + 25 + 29. Let q(x) = 2*x. Let k be q(4). What is the highest common divisor of k and i?
8
Let j = 53 - 35. Calculate the highest common divisor of j and 6.
6
Let s = -46 - -78. Suppose -24 = -3*v + o, 4*v = -0*o - 2*o + s. Suppose 6*p - v = 2*p. Calculate the greatest common factor of 22 and p.
2
Let w = 108 + -64. Let f = w + -9. Calculate the greatest common factor of f and 7.
7
Let s(l) = -5*l. Let i be s(-6). Let p be (-20)/(-6)*(-6)/(-5). Suppose -z + p*o - 7 = 4, 0 = 5*z - 3*o - i. What is the highest common factor of 63 and z?
9
Let c(l) = -3*l + 35. Let n be c(0). What is the greatest common factor of n and 10?
5
Let z be 5446/126 - (-1)/((-18)/4). Calculate the highest common factor of z and 387.
43
Suppose 16 = 3*x - 7*x, 2*w + 4*x - 92 = 0. Let v = w - -74. What is the highest common factor of v and 16?
16
Let a(n) = n**2 - n + 2. Let j be a(2). Calculate the greatest common divisor of j and 28.
4
Let f be (-6 + 0)/(-3) + (-2 - -16). Calculate the greatest common factor of f and 24.
8
Suppose 3*g = 15, 0 = -f + 2*g - g + 3. Let u(o) = 32*o**3 + o**2 - o. Let z be u(1). Calculate the highest common divisor of z and f.
8
Suppose -4*m + 15 = 3*y, -4*m + 20 = 5*y + m. Suppose -22 = -3*o - y. What is the greatest common divisor of o and 28?
7
Let v(t) = t**3 + 2*t**2 - 3*t. Let k be v(2). What is the highest common factor of 15 and k?
5
Let j(p) = -p**3 - 8*p**2 + 10*p + 2. Let x be j(-9). Let i be (-72)/x + 10/(-35). Calculate the highest common factor of 15 and i.
5
Suppose 2*g = 4*g - 96. What is the highest common divisor of 336 and g?
48
Suppose 4*l + 596 = 4*z, z + 0*l - 147 = 3*l. What is the highest common factor of 15 and z?
15
Let s be 4/6 - (-968)/6. Suppose 34 = y + 16. Calculate the greatest common divisor of s and y.
18
Suppose 44 = 5*i - 21. What is the greatest common divisor of i and 91?
13
Suppose 64 = -10*c + 14*c. Calculate the greatest common factor of c and 112.
16
Suppose 0 = -d - 3*d + 180. Calculate the greatest common factor of 18 and d.
9
Let x = 47 + -43. What is the highest common divisor of 16 and x?
4
Suppose -2*h + 167 = h - 2*c, 5*h + 2*c = 273. Suppose 33 = 3*t + w, t + 5*w = -3*t + h. What is the greatest common factor of 15 and t?
5
Let l be -4*(-2)/4 - 6. Let q = 6 + l. Suppose 5*c - 29 = -3*z, c - 4*z = -2 - 6. Calculate the highest common divisor of c and q.
2
Suppose x - 45 = 5*z + 125, -5*x = -z - 58. Let d = -19 - z. Let j(f) = -f**2 - f + 42. Let i be j(0). Calculate the highest common divisor of d and i.
14
Let h(g) = -g - 8. Let a be h(-6). Suppose -8 = 4*k + 36. Let x = a - k. Calculate the greatest common factor of 63 and x.
9
Let g = -95 - -161. Calculate the greatest common factor of g and 165.
33
Let k(p) = 3*p**3 - 3*p**2 + 3*p - 6. Let l be k(3). What is the greatest common factor of l and 38?
19
Let x be (12/14)/((-30)/(-140)). Suppose 11 = x*y - 1. Suppose -u = y*u - 684. Calculate the highest common divisor of 19 and u.
19
Suppose 0 = 3*w + 279 - 309. Let o = -30 - -50. What is the highest common factor of w and o?
10
Let y be 2 + 350/21*(-3)/(-2). What is the greatest common divisor of y and 297?
27
Suppose -2*z = 4 - 100. Calculate the greatest common divisor of z and 12.
12
Suppose 0 = t - 3*t - 4. Let q be t/3 - (-1016)/12. Suppose 4*k - 26 - 22 = 0. Calculate the highest common factor of k and q.
12
Suppose -2 + 7 = b. Let u(o) = 16*o - 2. Let n be u(b). Suppose 5*w + 28 - n = 0. Calculate the greatest common divisor of w and 10.
10
Let l(p) = 108*p. Let g be l(1). What is the highest common divisor of 12 and g?
12
Suppose 4*j + 0*c + c - 261 = 0, c = 3*j - 201. Let b(k) = -k**2 + 6*k + 2. Let n be b(3). Calculate the greatest common factor of j and n.
11
Let d = 87 + -67. Calculate the greatest common factor of 15 and d.
5
Let r = -6 - -6. Suppose -4*b - 4*u + 584 = 0, r*u + 4*u = -5*b + 728. Calculate the highest common divisor of 16 and b.
16
Let o be (-3388)/(-10) + (-1)/(-5). Suppose -3*c = 5*m - 489, 2*c = -3*m + 4*m + o. Let n = c - 108. Calculate the greatest common factor of 12 and n.
12
Let u = 21 + -1. Let b be (1 + 8 - 1) + 2. Let l be (-200)/3*(-24)/b. What is the greatest common divisor of l and u?
20
Suppose 5*n = -4*y + 28, n = -y - 0*y + 8. What is the highest common divisor of 12 and y?
12
Let p be 16*(1 - 4 - -2). Let z be ((-3)/4)/(2/p). Let x be z + (-3)/3 + 2. What is the greatest common factor of 28 and x?
7
Let w be ((-32)/10)/((-12)/30). What is the highest common divisor of 72 and w?
8
Suppose 3*l + 4 + 5 = 0. Let m be 1*(7 - 0) + l. Calculate the greatest common factor of m and 6.
2
Suppose 2*t - 182 = -3*l, -3*t = -t - 3*l - 170. Calculate the greatest common factor of t and 8.
8
Let v(y) = -14*y - 3. Let b be v(-8). Suppose b = 4*n + 17. Suppose 3*p = n + 28. What is the highest common factor of p and 153?
17
Suppose 2*a + 180 = 7*a. What is the greatest common divisor of a and 12?
12
Let a(w) = 8*w**2 - w - 1. Let t be a(-1). Calculate the greatest common divisor of 2 and t.
2